
Let z = -7 - -34. Let r = z - 22. Calculate the remainder when 9 is divided by r.
4
Let h be (-3 - -64) + -2 + -2 + 6. Suppose -h = -x - 41. Calculate the remainder when x is divided by 8/3*18/8.
4
Let v = -50 + 67. Let u be (-4)/10 + 6/(-10). What is the remainder when v is divided by -1 + u*5*-2?
8
Let c = -802 - -2144. Calculate the remainder when c is divided by 56.
54
Let s(q) = 3*q + 10. Let b be s(-5). Calculate the remainder when 98 is divided by 24/(-40) + (-103)/b.
18
What is the remainder when (32/3 - 2)/((-44)/(-1122)) is divided by 16?
13
Suppose -28 = -4*o - 96. Suppose 0 = g - 2, 0 = 8*y - 3*y - g + 82. Let q = y - o. What is the remainder when 1 is divided by q?
0
Suppose -4*k + 5*z = -0*k + 377, 0 = -4*z - 12. Let d = -34 - k. What is the remainder when d is divided by (2 - (-12)/(-5)) + (-560)/(-25)?
20
Calculate the remainder when ((-4)/8)/((-1)/2846) is divided by 46.
43
Let n be 5*6/75*(5 - -5). Suppose 388 = 3*z + z. Suppose 51 = n*j - z. What is the remainder when j is divided by 10?
7
Let f = -71 - -72. What is the remainder when -59*((f - -1) + -2 + -1) is divided by 21?
17
Suppose o = 2*o + 3. Let t = o - -7. Suppose -9 - 46 = -5*k. Calculate the remainder when k is divided by t.
3
Let n = -492 + 545. What is the remainder when 528 is divided by n?
51
Suppose 0 = 6*z - 41 + 23. What is the remainder when (-2)/5 + (-111)/(-15) is divided by z?
1
Let v = 1 - 9. Let n = v - -12. Suppose -5*u + n*u = -2*d + 29, -3*d = -u - 42. Calculate the remainder when 62 is divided by d.
10
Suppose 0 = 42*z - 60*z + 3960. What is the remainder when z is divided by 56?
52
Let u = 13 + 9. Calculate the remainder when 84 is divided by u.
18
Suppose 792 = 16*c - 136. Let b(u) = -u - 3. Let t be b(-6). Let j(p) = p**3 - 2*p**2 + 1. Calculate the remainder when c is divided by j(t).
8
Suppose 2*t = t + 3. Suppose 0 = t*k - 264 + 15. Calculate the remainder when k is divided by 28.
27
Let m be -3*2/6 + 38. Let o = 48 - m. Calculate the remainder when o is divided by 3.
2
Let m(f) = -3*f + 26. Let r be m(8). Suppose 3*g = -r*g + 180. What is the remainder when g is divided by 19?
17
Calculate the remainder when 338 is divided by -4*((-10)/(-50) - 317/10).
86
Suppose -33*k = -32 - 562. Let w(z) = -4*z**3 + 2*z**2 - 2. What is the remainder when w(-2) is divided by k?
2
Suppose -2*o + 3 = n - 48, -3*n + 4*o = -113. Calculate the remainder when n is divided by 3 + (418/22 - (0 - 1)).
20
Let w = 45 + -9. Let c(o) = w + o - 7 - 16 - 12. Calculate the remainder when 10 is divided by c(5).
4
Suppose -22*h - 3 = -21*h. Let g(m) = -m**3 - 3*m - 3. What is the remainder when g(h) is divided by ((-57)/(-6) + -1)*2?
16
Let c = -55 - -59. Let u(f) = -3*f**2 + 15*f - 6. Calculate the remainder when u(c) is divided by 4.
2
Let p be 4/12*-1*3. Calculate the remainder when (-29)/(p/((-5)/(-5))) is divided by 10.
9
Calculate the remainder when (-11 - (-18)/6) + 252 is divided by 82.
80
Let j(t) be the first derivative of -3*t**4/4 - t**2/2 - 2*t - 24. What is the remainder when j(-2) is divided by 9?
6
Suppose 0 = 8*z - 365 - 251. Calculate the remainder when 216 is divided by z.
62
Let u(b) = -b**2 - 3*b - 2. Let l be u(-2). Suppose 0 = 4*t - d - 0*d - 17, l = -d + 3. What is the remainder when 23 is divided by t?
3
Let j = -55 - -89. Let u = j + -30. Suppose 2*y - 24 = 2*v, 5*y = u*y + 5*v + 4. Calculate the remainder when 41 is divided by y.
13
Let c(d) = -d**3 + 14*d**2 - 23*d + 23. Let s be c(12). Suppose -3*l - 5*x = -90, 0*l - 2*l = -5*x - s. Calculate the remainder when l is divided by 15.
10
What is the remainder when 2/12 - (33396/(-72) + 20) is divided by 32?
28
Suppose -8 = c + 3*r, 0*c - r - 6 = -3*c. Suppose 3*q - 49 = -c. Calculate the remainder when 5/2 - (-1 + (-249)/6) is divided by q.
13
Suppose 0 = 20*w - 29*w + 342. What is the remainder when w is divided by 14?
10
Let w = 10 - 3. Let n(m) = -m**3 - 7*m**2 - 4*m. Let x be n(-7). What is the remainder when w is divided by 16/x*21/6?
1
Let u(o) = -3*o**3 + 0*o + 10 + o + 4*o**3 + 6*o**2. Let l be u(-6). Suppose 2 = 2*x - l, -2 = -2*y + 4*x. Calculate the remainder when 17 is divided by y.
3
Suppose 2*i + 14 = 3*h, -h + 3*i = -4*h + 9. What is the remainder when (1/1)/1 + 34 is divided by h?
3
Let y = 4 - 1. Let n be (-1*9/6)/((-9)/(-12)). Let r = y + n. Calculate the remainder when r is divided by 1.
0
Suppose 2*o = w - 4284, -5*o = -0*o + w + 10710. Suppose 0*j = -j + 1, 3*j + 12 = 3*m. Calculate the remainder when o/(-45) - (-2)/m is divided by 13.
9
What is the remainder when 2 + -2 + 234 - (-234 - -235) is divided by 26?
25
Let x = -40 - -56. Suppose -u - 1 = 4*s - x, -2*s = -4*u + 42. Calculate the remainder when u is divided by 3.
2
Suppose 721 = -6*o - o. Let b = o - -158. What is the remainder when b is divided by 14?
13
Suppose 5*w - 122 + 107 = 0. What is the remainder when 15 is divided by w?
0
Let b = 22 - 21. Calculate the remainder when 23 is divided by 7 - -2 - (1/b - -2).
5
Let x(w) = w**3 - 5*w**2 - 7*w - 15. Suppose 17 = 4*t - 11. What is the remainder when x(t) is divided by 19?
15
Let l = -9 - -11. Suppose 1 + 1 = -l*b. What is the remainder when (-62 + 1)*1/b is divided by 16?
13
Suppose m + 4 = -2*u, 4*u + 18 = 2. Suppose -9 = f - m*f, 0 = 2*n - f - 43. What is the remainder when 44 is divided by n?
21
Let r(u) = -u**3 + 25*u**2 - 2*u + 77. Calculate the remainder when 65 is divided by r(25).
11
Suppose 0 = -5*o - 5*j - 165, 0 = 3*o - 2*j + 48 + 76. Let k = o - -63. Calculate the remainder when 95 is divided by k.
20
Suppose -h - 3*h - 3*x = -43, 14 = 2*h + 4*x. Suppose -120 = -5*a + 135. Calculate the remainder when a is divided by h.
12
Let a = 201 - 126. What is the remainder when a is divided by (-52)/5*(-45)/18?
23
Calculate the remainder when ((-2)/3)/((-13)/((-11115)/(-10))) is divided by 36.
21
Suppose a - 3*v - 1016 = -292, 3*a - 2232 = -3*v. Calculate the remainder when a is divided by 57.
55
Let z = 892 - 793. Calculate the remainder when z is divided by 6.
3
Suppose 2*w - 5*w + 6 = 0. Suppose 0 = -3*m - w*m + 5*q + 425, -m = -2*q - 80. Calculate the remainder when m is divided by 31.
28
Let k(i) = 40*i - 2. Let z be k(1). Suppose 0 = -2*h - 4*r + z, -7*r + 12 = -3*r. Calculate the remainder when 64 is divided by h.
12
Calculate the remainder when (-22 - -47) + 20/4 is divided by 19.
11
Suppose -5*x + 535 = -5*s, 21*x - s + 565 = 26*x. Calculate the remainder when 352 is divided by x.
16
Let l be 11*(-3 + -1)*15/(-20). Suppose 7*p + 4*p = l. What is the remainder when 24 is divided by p?
0
Let g(f) = 15*f + 33. Let z = -16 + 20. Suppose 9 = u - 4*u, -z*v + 147 = 3*u. Calculate the remainder when g(8) is divided by v.
36
Suppose -2*x = -4*x + 4*h - 6, 0 = -5*x + h + 12. What is the remainder when 18 is divided by x?
0
What is the remainder when 2 + (-1716)/(-8) + (-2)/4 is divided by 37?
31
Suppose 2*p = -30*r + 26*r + 48, 3*p - 2*r = 104. Let m(s) = 14*s**2 + 2*s + 1. What is the remainder when p is divided by m(-1)?
6
Suppose 0 = 5*y - 3*u - 246, 2*u = -y + 3*u + 48. Suppose -2*f = -5*f + p + 446, 0 = -2*f - 5*p + 320. What is the remainder when f is divided by y?
48
Suppose -4*n = f - 27, -2*n - 39 = -7*n - 3*f. Suppose -3*z = -6 - n. What is the remainder when 10 is divided by z?
2
Suppose 0 = -4*r - 5*s + 4 + 413, -3*r - 4*s + 313 = 0. What is the remainder when r is divided by 26?
25
Let m be -31 - -1 - (-10 + 10). Calculate the remainder when 65 is divided by 69*(-2)/m*5.
19
Let d = 288 - 245. Calculate the remainder when 74 is divided by d.
31
Let k = -1555 + 2115. What is the remainder when k is divided by 33?
32
Calculate the remainder when 94 + (-80)/(60/6) is divided by 43.
0
Let p(y) = y**3 + 5*y**2 + y - 4. Let f be p(-4). Suppose -3*w = 2*w - 90. Let g = w - f. What is the remainder when 17 is divided by g?
7
Let s(p) = 73*p - 1. Let d be s(3). Let c = 137 - 132. Suppose 5*f = -2*o + 81, 0*f - 3*f = -c*o + d. What is the remainder when o is divided by 15?
13
Suppose -4*g = -2*d - 318, -20 = -3*d + 7*d. What is the remainder when 292 is divided by g?
61
Suppose 22*v - 378 - 1052 = 0. Calculate the remainder when 321 is divided by v.
61
Suppose 0 = -81*z + 6080 + 481. What is the remainder when z is divided by 54?
27
Let g(d) = 11*d**2 + 14*